4)/(-30)). Let n = 192 - -48. Calculate the highest common divisor of w and n.
15
Suppose -49*h = -13596 + 856. Calculate the greatest common factor of h and 80.
20
Suppose 2*h + 2 = 0, 5*h + 788 + 393 = 2*s. What is the highest common divisor of s and 343?
49
Suppose -5*j = 3*p - 52 - 11, -4*p = -4. Let h = 1534 - 1486. Calculate the greatest common factor of j and h.
12
Let d = 93 - 18. Suppose -d + 255 = o. Suppose -r - f + 21 = 0, -5*r + 0*f = -5*f - 95. Calculate the highest common factor of o and r.
20
Let s be ((-12)/(-3))/((-8)/(-36)). Let i be (-320)/(-18) + -11 + 202/s. What is the highest common divisor of i and 6?
6
Let y(u) = 26*u - 15. Let f be y(13). Let q = 1053 + -1019. What is the highest common factor of f and q?
17
Suppose 0 = -178*k + 152*k + 26. Let r(f) = -2*f + 6*f**2 + 2*f + 2*f. Let c be r(k). What is the highest common divisor of c and 4?
4
Suppose h - 816 = -m, m - 5*m - 5*h + 3261 = 0. What is the greatest common divisor of m and 84?
21
Suppose -4*q - 2*g = -24, 4*q - g = g + 16. Let m be (0 - (3 - 2)) + q. What is the greatest common divisor of m and 20?
4
Let h be 6111/(-378) - ((-5)/(-6) + -1). Let v = h - -21. Suppose s - 60 = v*y + 2, -5*s - 3*y = -198. Calculate the greatest common factor of s and 21.
21
Suppose x - 2 = 0, -f + 5*x + 122 = -55. Let u = -11030 + 11041. What is the greatest common factor of f and u?
11
Let b = -10007 - -10009. Calculate the greatest common divisor of b and 206.
2
Let r(g) = 13*g**2 + 2*g - 4*g + 5*g - g**2. Let a be r(5). Let z(t) = -25*t + 110. Let v be z(3). What is the greatest common factor of v and a?
35
Suppose -2*h - 71 = 1005. Let p = h - -637. What is the greatest common factor of p and 11?
11
Suppose 5*f = -10*u + 680, -16*f = -12*f + 3*u - 549. Calculate the highest common divisor of 1334 and f.
46
Suppose -2*h = 3*x + 2*h - 161, 5*x - 5*h - 280 = 0. Suppose 4*f = 2*g + 98, g = -4*f + 72 + 11. Calculate the greatest common divisor of f and x.
11
Let i be (-2470)/(-156) - (-1)/6. Let n be (36/i)/(20/160). What is the greatest common divisor of n and 333?
9
Let h = -805 + 805. Let x be 6237/(-81)*(16/(-1) + h). Calculate the greatest common divisor of x and 14.
14
Suppose 30*b - 31*b = -5*p - 25, -3*b - 4*p + 170 = 0. Calculate the highest common divisor of b and 170.
10
Suppose 3*c = 3*h + 3, 4*c = -h + 5 + 19. Suppose -5 = -5*d + h*t, d - t - 1 = 1. Let s be (11/d)/(15/18 - 1). Calculate the greatest common factor of 11 and s.
11
Suppose 56*l - 799 = 3233. Let t be 218/8 + (-9)/36. What is the greatest common factor of l and t?
9
Let a = 13080 - 9170. Calculate the highest common factor of 34 and a.
34
Let i = -4872 - -4878. Let b be (-199)/(-4) + (-1)/(-4). Suppose 3*t - 222 = -4*q, 0*q + 2*t + b = q. What is the greatest common divisor of q and i?
6
Let d be (4 + -2)/(23/(-92)). Let b(y) = y**2 + y + 8. Let n be b(d). What is the greatest common factor of n and 8?
8
Let q(y) = -2*y + 10. Let w be q(-13). Let g be 61 + w/(-9) + -1 + 2. Calculate the highest common divisor of g and 290.
58
Let v be (252/(-56))/(1/(-4)*3). Let o(g) = 35*g + 33. Let p be o(v). What is the greatest common factor of p and 9?
9
Let r be -3*((-104)/14)/((-54)/(-126)). Suppose 2*d = -59 + 319. Calculate the highest common factor of d and r.
26
Let p(n) = -14*n + 90. Let b be (-1)/((8/(-28))/(24/14)). Let w be p(b). What is the highest common factor of 192 and w?
6
Let a(n) = 92*n + 9. Let t be a(5). Suppose t = 5*d + x - 3*x, -4*d + 5*x = -365. Let k be (0 + 19)/(2 + -1). What is the highest common divisor of k and d?
19
Suppose -3*c - 75 = c + n, -4*c - 71 = 5*n. Let s = 9 - c. Let o be (-17 - -13)*-7*3. Calculate the greatest common factor of s and o.
28
Let n(s) = 3*s**2 - 35*s + 6. Let u be n(11). Let i be (-1242)/184*u/2. What is the highest common factor of 432 and i?
54
Suppose 49*x - 11559 = 46*x - 3*k, -4*x = 2*k - 15414. Calculate the highest common divisor of 846 and x.
94
Let u(k) = 2*k**2 + 8*k. Let o be u(-8). Suppose 34*p = 32*p + o. Let i be ((-9)/4)/((-12)/p). What is the greatest common factor of 12 and i?
6
Let y = 18 - -147. Let s = 42 + -39. Let z be (0 - s)*-1*5. What is the highest common factor of y and z?
15
Let v = -46 + 30. Let j be (2 + -8)/(v/24). Calculate the greatest common factor of 171 and j.
9
Let q = -30 - -35. Suppose 0 = 4*b - 3 - q. Suppose -d + 4 = 0, 0 = -4*h + b*d - 3*d + 388. What is the greatest common divisor of 12 and h?
12
Suppose -q - 2*m + 142 + 298 = 0, -q = 5*m - 437. Suppose 4*b = 2*b - 6, 3*b - 95 = -4*w. What is the greatest common divisor of w and q?
26
Suppose 5*n = 4*t + 9834, -712 = n + 5*t - 2702. Calculate the highest common factor of n and 50.
10
Let n(z) = 2185*z - 40. Let i be n(4). Let b be 352/(-6)*i/(-400). Calculate the greatest common divisor of 44 and b.
44
Let d(b) = 131*b - 2342. Let k be d(26). Calculate the highest common factor of k and 56.
56
Suppose 1660 = 2*u - 4*w, 4*w - 3548 = -3*u - 1028. Calculate the highest common factor of 1520 and u.
76
Let p be (-2 - 0)/((36/(-321))/6). Suppose 16*f + z + p = 18*f, -5*f + 265 = -3*z. Calculate the greatest common factor of 98 and f.
14
Suppose -4328 = -3*x + 4*c, 0 = 2*x - 16*c + 17*c - 2911. Calculate the highest common divisor of x and 99.
33
Suppose 2*k + 112 = 6*k. Suppose 12*v + 11*v = 25*v. Let j(d) = d**2 + 2*d + 42. Let t be j(v). Calculate the greatest common divisor of k and t.
14
Let u = -101 - -89. Let t be -56*((-8)/u)/((-2)/3). Let x = 21 + -14. Calculate the greatest common divisor of x and t.
7
Let h(y) = y**3 - 15*y**2 - y + 2. Let r be h(15). Let i be (r/(819/810))/(3/(-98)). What is the highest common factor of i and 15?
15
Let i be (0 - -2)/(12/(6/1)). Let p be 73/(-7) - (-21)/49. Let s(w) = -w**3 - 10*w**2 - w - 6. Let c be s(p). Calculate the highest common divisor of i and c.
1
Let h be (14/(-35))/(1/5) + 53. Let c = -32 - -100. Calculate the greatest common divisor of c and h.
17
Let k = 162801 + -162571. Let s = -15 - -25. What is the highest common divisor of s and k?
10
Let i(q) = -2*q**3 - 11*q**2 - 4*q + 21. Let x be i(-7). Suppose 4*g - x = -4*p, 0 = 3*p - 4*g + 13 - 132. What is the greatest common divisor of 5 and p?
5
Let s = -57 + 61. Suppose -2*m = i - 4, 3*m = -3*i + 4*m + 12. Let c be 51/i + (7/s)/7. Calculate the greatest common divisor of c and 117.
13
Suppose -127*m + 122*m = 5*f - 725, 5*m + 2*f = 734. Calculate the highest common divisor of 7918 and m.
74
Let k = 17 + -12. Let o be 6 + -1 + -5 + 4. Suppose t - 3*j = -t - 4, 5*j = o*t + 6. What is the greatest common divisor of t and k?
1
Let c(w) = 32*w**2 + 6*w + 6. Let f be c(-4). Let b be (-4)/((-560)/266 - -7 - 5). What is the greatest common factor of b and f?
38
Suppose 0 = -30*r + 178 - 58. Suppose 5*k + h = 3*h + 2936, k - r*h - 580 = 0. What is the greatest common factor of 42 and k?
42
Let u(b) = 9*b**2 + 16*b - 135. Let l be u(-5). Let s = 220 + 470. What is the highest common divisor of l and s?
10
Suppose -85*z = -76*z - 6975. Let y(d) = -7*d - 18. Let f be y(-7). What is the greatest common factor of f and z?
31
Let x be -3*(-2 + 40/(-6)). Suppose -3*r = -5*d - 64, -14*r + 2*d = -19*r + 55. Calculate the greatest common divisor of x and r.
13
Let m be 3/(22/((-65846)/(-3))). What is the highest common divisor of m and 73?
73
Suppose 4*j = 5*u - 4 - 22, -2 = -u. Let r be (32/20 + -2)*10/j. Let b be 4*r - (24 + -62). Calculate the greatest common factor of b and 56.
14
Let r(y) = -3*y**2 + 46*y - 145. Let q(l) = 4*l**2 - 69*l + 217. Let g(p) = -5*q(p) - 7*r(p). Let d be g(-26). Calculate the greatest common factor of 3 and d.
1
Let w = 21 + 27. Suppose -6*r + w = 300. Let b = r + 52. Calculate the greatest common divisor of 25 and b.
5
Let g(j) = -2*j**2 - 2*j - 4. Let k be g(-7). Let x = 124 + k. Let r(i) = i**3 - 2*i**2 + 6*i - 2. Let l be r(4). What is the highest common divisor of x and l?
18
Let q be 1/((-252)/(-245) + (-1 - 0)). Suppose -59 = -t - 44. Calculate the highest common factor of t and q.
5
Let o = -85 - -121. Suppose -5*b + 529 = -71. Let c = 124 - b. Calculate the greatest common factor of c and o.
4
Suppose 0 = -20*k - 28*k + 15*k + 1089. Calculate the greatest common divisor of k and 5456.
11
Let d(c) = -56*c**2 + 6*c + 8. Let t be d(-2). Let p 